c - 22, -o = -5*c. Suppose -33 = -i + u. What are the prime factors of i?
59
Suppose b - 3*z = 9, 0 = z - 0*z + 2. Suppose 288 = 3*g - 180. Suppose g = -x + b*x. What are the prime factors of x?
2, 3, 13
Suppose 3*d + 4*l - 1647 = 0, 0 = -2*d + d - 5*l + 538. Suppose -2*n = -6*f + 3*f - 1079, -n = 3*f - d. What are the prime factors of n?
2, 17
Let i be ((1/2)/(-1))/((-2)/20). Let n(f) = -4*f**2 - f - 2. Let q be n(i). Let x = 30 - q. What are the prime factors of x?
137
Suppose 34*o + 172508 - 277834 = 925656. What are the prime factors of o?
30323
Let v = 4701 - -2020. List the prime factors of v.
11, 13, 47
Let v(y) = 1210*y**3 - 1100*y**2 + 7*y - 7. What are the prime factors of v(4)?
31, 1931
Let k = 153 + -64. Let h = k + 19. Suppose -10*b + 6*b = -h. List the prime factors of b.
3
Suppose -442122 = -54*j - 8*j. What are the prime factors of j?
3, 2377
Suppose -3*i - 24 = -3*l, -i - 2 = -1. Let u(x) = x**2 + 3*x - 8. Let k be u(l). Suppose 3*y - k = 73. What are the prime factors of y?
3, 5
Suppose -7*o + 50 - 239 = 0. Let y = -24 - o. Suppose -2*j + 646 = 3*w, -y*j + j + 1082 = 5*w. List the prime factors of w.
2, 109
Let t(c) = -c**3 - 14*c**2 + 16*c + 21. Let i be t(-15). Let h = 71 - i. Suppose -80 - h = -5*u. List the prime factors of u.
29
Let u(k) = -81*k + 6. Let j be -3*(0 - (1 - (-10)/(-6))). Let m be u(j). Let q = m - 6. List the prime factors of q.
2, 3
Let c = 118 + -71. Suppose 0 = -2*x + 51 - c. Suppose 0 = x*o - 179 - 5. What are the prime factors of o?
2, 23
Let n(v) = 21*v**2 + 17*v - 21. List the prime factors of n(-5).
419
Suppose 5*c + 3*j = 39248, 12815 = 3*c - 3*j - 10753. What are the prime factors of c?
2, 13, 151
Let d(g) = -120 + 27*g + 218*g + 77*g. What are the prime factors of d(2)?
2, 131
Suppose 0 = -397*p + 379*p + 23364. Let v = 2683 - p. List the prime factors of v.
5, 277
Let w(u) = -u**2 + 18*u + 4. Let n(i) = -i**2 + 37*i + 9. Let s(d) = 3*n(d) - 5*w(d). List the prime factors of s(-14).
3, 5, 7
Suppose 3*g - 3*v = 56851 + 68195, 4*g - 2*v - 166714 = 0. What are the prime factors of g?
5, 1667
Let n = 127 + 397. Let t be -3 + (-1 - (1 + -3)). List the prime factors of (n/16)/((-2)/16*t).
131
Let l = 20994 + 47795. List the prime factors of l.
7, 31, 317
Suppose 6*n = 10*n + q - 96489, -3*n = -q - 72372. List the prime factors of n.
3, 11, 17, 43
Let a = -5 - -31. Suppose a*w = 32*w - 2580. What are the prime factors of w?
2, 5, 43
Let h(i) = -1631*i**2 - 9*i - 2. Let f(m) = 2*m**2 + 2*m. Let y(p) = -6*f(p) - h(p). List the prime factors of y(1).
2, 809
Let s = -606 + 3349. List the prime factors of s.
13, 211
Let i(d) = d**2 + 17*d. Let f be i(-24). Suppose -2*s = -q - 3*s + 165, 0 = q + 2*s - f. What are the prime factors of q?
2, 3
Let i be ((-3)/(-2) - 57/(-6))*1. Suppose 0 = i*d - 20*d + 180. Suppose 2*g - d - 196 = 0. What are the prime factors of g?
2, 3
Let b(x) = -x**3 - 22*x**2 + 4*x + 88. Let l be b(-22). Suppose 0*j - 18*j + 18864 = l. List the prime factors of j.
2, 131
Suppose 2*i + 10*i = 19320. Suppose -19*o + i = -5*o. List the prime factors of o.
5, 23
Suppose -2*r - 53*r + 513053 = -25012. What are the prime factors of r?
3, 1087
Suppose -7566 = -4*b + 3*m, 5*m = -2*b + 842 + 2928. Suppose -1134 = -3*w + 2*y, 6*y = -5*w + 3*y + b. List the prime factors of w.
2, 3, 7
Let y(d) be the first derivative of 19*d**2 + 19*d - 61. What are the prime factors of y(7)?
3, 5, 19
Let g(w) = 137*w + 155. Let h be g(15). Suppose 3*i = 13*i - h. List the prime factors of i.
13, 17
Let s(d) = 36*d - 52. Let l(x) = 14*x - 22. Let m(c) = 12*l(c) - 5*s(c). Suppose 5*v + 1 + 40 = n, v + n = -7. What are the prime factors of m(v)?
2, 23
Suppose n - 6130 = -3*f + 19863, 5*f - 10 = 0. What are the prime factors of n?
13, 1999
Suppose 3*c - 6317 = 400. What are the prime factors of c?
2239
Let w be (-2)/7 + (-8)/(-28). Suppose -35*a + 29*a + 1908 = w. List the prime factors of a.
2, 3, 53
Suppose -65 + 1079 = 13*a. Let x = a - -352. List the prime factors of x.
2, 5, 43
Let c(b) = -77*b - 541. What are the prime factors of c(-14)?
3, 179
Suppose 4*x = 2*s - 27986, 8*x = 7*x + s - 6994. What are the prime factors of (21/5)/(-7) + x/(-15)?
2, 233
Let m(f) = 7*f**2 + 66*f - 54. Let i be m(-18). Suppose -i - 18708 = -33*c. What are the prime factors of c?
2, 13, 23
Let g(v) = v - 2. Let l(o) = 2*o - 5. Let b(h) = -7*g(h) + 3*l(h). Let q be b(-12). Suppose -q*u = 6*u - 1309. List the prime factors of u.
7, 11
Suppose 8*i - 29 = -5. Suppose 3*u = -i*t - 9 - 9, t + 5*u = -2. Let q(s) = -s**3 - 6*s**2 - 7*s + 14. What are the prime factors of q(t)?
2, 7
Suppose -46*z + 1071306 = -9*z + 165472. What are the prime factors of z?
2, 12241
Let f = 21 - 17. Let v be (-31)/f + 12/16. Let i = 14 - v. What are the prime factors of i?
3, 7
Suppose -2*b + 944 = -644. Let z = b + -323. What are the prime factors of z?
3, 157
Let a(x) = x**3 + 16*x**2 + 2*x + 42. Let g(h) = -h**3 + h. Let w(n) = -a(n) - 2*g(n). What are the prime factors of w(17)?
179
Let j be 400/25 + (-6)/2. Suppose -2*o - 29 = -j. Let t(r) = -9*r - 5. List the prime factors of t(o).
67
Suppose 2659 = -23*n - 9. Suppose 604 = -4*o + 180. Let g = o - n. List the prime factors of g.
2, 5
Let s = -902 + 12065. What are the prime factors of s?
3, 61
Let r(h) = -2*h + 16 + 37*h**2 + 27*h**2 - 63*h**2. Suppose 0 = 3*v + 5*x - 50, -5*v + 0*v + 3*x = -38. What are the prime factors of r(v)?
2, 3
What are the prime factors of (-81)/(-162)*(-6)/9*-14709?
4903
Let o(t) = -2*t**2 + 74*t + 15. Let x be o(37). List the prime factors of x/((-135)/12)*78/(-4).
2, 13
Suppose 3*p = -4*d + 65, -5*d + 0*d - 3*p + 85 = 0. Suppose 2*h = -d + 538. What are the prime factors of h?
7, 37
Suppose -3*y + 4*l = -51, -6*y + 5*y + 22 = -3*l. List the prime factors of ((-13)/(-2))/(y/1170).
3, 5, 13
List the prime factors of (-72)/(-4 - -16) - ((-49291 - 2) + 3).
2, 3, 37
Let c = 27932 + -9788. List the prime factors of c.
2, 3, 7
Let o(n) = 3*n**2 + 16*n - 16. Let i = 290 - 279. List the prime factors of o(i).
523
Let c(j) = -7238*j + 310. What are the prime factors of c(-8)?
2, 13, 2239
Suppose -z - 2053 = -2*z. Let g = z + -915. What are the prime factors of g?
2, 569
Suppose -110 = -5*v + 30. Let g = v + 326. Suppose 4*t = t, 2*m - 2*t = g. What are the prime factors of m?
3, 59
Let v be ((-8)/10 - -2)*1750/(-75). List the prime factors of (-3316)/v - (-5)/((-70)/6).
2, 59
Suppose 18*y = -29*y + 843133. What are the prime factors of y?
17939
Let o be (-2)/(-7) + -24*4575/(-105). Suppose f = o + 29. What are the prime factors of f?
5, 43
Let y(a) = 76*a + 333. Let r be y(-5). Let x = -89 - -31. Let w = r - x. List the prime factors of w.
11
Suppose 14*o = 7*o - 14. Let a(i) = -75*i**2 + i + 5. Let f(z) = 37*z**2 - 2. Let g(v) = 2*a(v) + 5*f(v). List the prime factors of g(o).
2, 17
Suppose -163*t + 1228920 = -103*t. What are the prime factors of t?
2, 7, 11, 19
Let f = 89 + -39. Suppose -47*p = -f*p + 6. Suppose y = -p, 3*d - 156 = 4*y + 164. List the prime factors of d.
2, 13
Let y = 3762 - -564. Suppose y = 7*x + 1281. List the prime factors of x.
3, 5, 29
List the prime factors of (-280)/(-105) - 62576/(-6).
2, 163
Let g(y) = 21*y**2 + 59*y - 3. List the prime factors of g(-31).
59, 311
Let b(m) = -1032*m + 1765. What are the prime factors of b(-12)?
14149
Let c(r) = -24*r - 7. Let y(l) be the second derivative of -l**3/6 - l**2/2 - 3*l. Let i(u) = -c(u) + y(u). What are the prime factors of i(4)?
2, 7
Let d = -294 - -296. List the prime factors of 95799/231 - d/(-7).
5, 83
Let n be ((-2)/((-70)/21))/((-2)/(-10)). Suppose n*c = -0*c + 228. Suppose 188 + c = 3*l. List the prime factors of l.
2, 11
Let z be (-1 - -2)/(6/(-78)). Let p(h) = h**3 + 17*h**2 + 17*h + 23. List the prime factors of p(z).
2, 239
Let a = 54019 - 21049. List the prime factors of a.
2, 3, 5, 7, 157
Let b = 165 + 120. Suppose 0 = 2*x - b - 205. Let i = -141 + x. List the prime factors of i.
2, 13
Suppose -15*w + 8*w + 574 = 0. Let v = 82 - w. List the prime factors of (6 - (-780)/18)*(3 + v).
2, 37
Suppose -5*n + 9054 = -127*f + 130*f, -9036 = -5*n + 3*f. What are the prime factors of n?
3, 67
Let m(s) = -2*s**2 + 3*s + 2275. Let z be m(0). Suppose -6*v + z = -v. List the prime factors of v.
5, 7, 13
List the